37 - 42859. What is the hundreds digit of d?
5
Let k be -334*((-6)/4 + 1/(-2)). What is the tens digit of k/((8 - 15) + 9)?
3
Let y = 1799 + -902. What is the units digit of y?
7
Let n(x) = -5864*x - 1129. What is the thousands digit of n(-13)?
5
Let p(j) = j**3 + 86*j**2 + 12*j - 31. What is the thousands digit of p(-19)?
3
Let b(z) = 24*z**2 - 24*z + 3. Let t be b(-4). Suppose 13*v = t + 6472. What is the units digit of v?
5
Suppose 100 = 91*n - 96*n. Let x be n + 17 + (-114 - 0). Let h = 83 - x. What is the tens digit of h?
0
Suppose 0*d + 3*d = 36. Suppose -d*p + 39 = p. Suppose -2*s + p*u + 178 = 5*u, 2*s - 2*u - 186 = 0. What is the tens digit of s?
9
Let t be ((-3)/((-18)/(-14)))/((-2)/36). Let x be (5 + t/(-8))*-4. Let d(w) = 211*w**2 + 2*w - 3. What is the tens digit of d(x)?
1
Let u(o) = 59*o - 916. What is the hundreds digit of u(76)?
5
Suppose -6*b + 69*b + 15*b = 1281384. What is the tens digit of b?
2
Suppose -17*u = -9*u + 16. What is the hundreds digit of 3/(((-10)/1455)/(u/3))?
2
What is the thousands digit of (-1524)/8*318/(-9)?
6
Suppose 20*g - 142718 - 235282 = -28*g. What is the units digit of g?
5
Suppose -363133 = -101*y + 4111369. What is the units digit of y?
2
Suppose 0 = -g + 5*t - 21, -5*t + t + 16 = -g. Suppose g*y + 4*p + 8 = 0, 0 = y - 5*p - 26 + 4. Suppose 3*l = -y*l + 155. What is the tens digit of l?
3
Let p(x) = -96*x + 100*x + 114*x + 7. What is the tens digit of p(3)?
6
Let r(f) be the third derivative of -1/120*f**6 + 0*f**4 + 16*f**2 + 1/60*f**5 + 0*f + 0 + 1/3*f**3. What is the units digit of r(-4)?
2
Suppose 702 = -97*p + 95*p. Let y = 244 - p. What is the hundreds digit of y?
5
What is the units digit of (-5220)/(-203)*59/3*(17 + -3)?
0
Let h = 20438 - 9725. What is the hundreds digit of h?
7
Let a(t) = -16*t + 13. Let m(w) = -w**2 - w - 2. Let g(i) = -i - 3. Let z be g(-2). Let o(p) = z*m(p) - a(p). What is the tens digit of o(7)?
5
Let n be (2/(-12) - 138/36)/(-1). Suppose -4*y = -5*y + 1, -n*y = 4*t - 16. Suppose 2 = -t*i + 4*i. What is the units digit of i?
2
Let k(a) = 139*a - 1384. What is the thousands digit of k(51)?
5
Let o be -7 + 7 - (-1 + 1). Suppose 8*x + 4*g = 3*x + 45, o = -5*x + 3*g + 10. Suppose 40 = x*s - 3*n - 45, -4*n = s - 17. What is the units digit of s?
7
Let y be 1/((-16)/(-5) - 3). Let w(u) = 63*u - 1. What is the units digit of w(y)?
4
Let p = -313 - -310. What is the hundreds digit of ((-20)/(-40))/(p/(-2010))?
3
Let h = 20 - 10. What is the units digit of 12/(-30) - 877/h*-2?
5
Suppose 15000 = -9*x + 33*x. Suppose -x*v = -626*v + 892. What is the hundreds digit of v?
8
What is the units digit of -2595*70/175*56/(-6)?
8
What is the thousands digit of (-1387901)/(-217) + (-3)/(-21)?
6
Let f(y) = 57*y + 46. Let x be f(-1). What is the units digit of (-56 + x)/((-4)/8)?
4
Let z(u) = 6962*u**2 - 7*u + 2. What is the units digit of z(-1)?
1
Let o = 25977 - -4832. What is the ten thousands digit of o?
3
Suppose -u + 6 = -22. Suppose -8 - u = -4*r. Suppose 4*k + 4 = -h, 2*h + 5*k - r = -h. What is the units digit of h?
8
Suppose 0 = -178*k + 787194 + 4025440 + 2252008. What is the ten thousands digit of k?
3
Let w(l) = -3*l**2 + 16*l + 4. Let g be w(-3). What is the units digit of (53*9)/(g/(-71))?
7
Suppose -2*q + 4 = a, 11*a - 5*q + 10 = 6*a. Let i(o) = -2*o**2 + 3*o + 262. What is the units digit of i(a)?
2
Let g = 7838 - 7580. Let k = -49 - -70. Suppose g = 3*i - k. What is the units digit of i?
3
Suppose -16*i + 17*i - 1 = 0. Let p = i + 12. Suppose -16*s + p*s = -93. What is the tens digit of s?
3
Let l(g) = -g**3 - 39*g**2 - 39*g - 42. Let r be l(-38). Let x(p) = -p**3 - 2*p - 6. Let n be x(0). What is the tens digit of (r/n)/(-6 + 12520/2085)?
3
Suppose 0 = -u - 309 - 430. Let q = 1172 + u. What is the hundreds digit of q?
4
Let q be 0/((-11)/(-55) + 4/5). Let l be 3 - 7/1 - (-2 - q). What is the tens digit of 5*(-1)/l*(-186)/(-5)?
9
Let v be (2/(-4))/((7 - 2)/20). What is the hundreds digit of (204/18)/(v/(-66))?
3
What is the thousands digit of 21048 + (-48)/(-7) + (-4)/(-19 - 9)?
1
What is the units digit of 35830*72/90 - (1 - -9)?
4
Let t(s) = -1009*s + 641. What is the thousands digit of t(-6)?
6
Let x(c) = -c**2 - 70*c - 235. Let y = -595 + 548. What is the hundreds digit of x(y)?
8
Let h = 104 - 102. Let l(g) = 119*g - 51. What is the units digit of l(h)?
7
Let c = 19310 - 9857. What is the units digit of c?
3
Let b(z) = 754*z**2 + 18*z - 9. Let d be b(-6). Suppose 0 = -12*v + 51*v - d. What is the hundreds digit of v?
6
What is the ten thousands digit of 15/25*(-7075350)/(-81)?
5
Let d(f) = 153*f**2 + 81*f - 480. What is the ten thousands digit of d(-17)?
4
Let l be (6/2)/(6/(-8)). Let n(u) = u**3 - u**2 + u + 1. Let c(w) = 5*w**3 - 3*w**2 + 4*w + 4. Let t(i) = l*n(i) + c(i). What is the units digit of t(1)?
2
Let u = 17028 - 8458. What is the units digit of u?
0
Suppose -232 = -2*k - 2*k. Let j = k + -50. Suppose 16*b - j*b - 1632 = 0. What is the units digit of b?
4
Suppose -8*m = -46 + 6. Suppose 0 = 2*x - 5*o + 10, -m*x = -4*x - 3*o + 6. Suppose 3*q - 2*l - 332 = -l, x = 2*q - 4*l - 218. What is the hundreds digit of q?
1
Suppose 20*b + 171 = 17*b. Let k = 583 - b. What is the tens digit of k?
4
Let g(o) = o**3 + 37*o**2 - 37*o + 46. Let v be g(-38). What is the hundreds digit of 4336/12*12/v?
5
Let t(j) be the second derivative of j**4/2 + j**3/3 - 3*j**2 + 2*j + 17. What is the units digit of t(2)?
2
Suppose -c - 4*x - x = 2, -3*c + 16 = 4*x. Suppose 14*t - 4284 = c*t. What is the hundreds digit of t?
7
Suppose 6*x - 987756 = 43*x - 79*x. What is the thousands digit of x?
3
Let o(q) = 21*q**2 + 55*q + 4. Let w be o(-19). Suppose 0 = 10*a - w + 2000. What is the units digit of a?
4
Suppose 380 = -5*g - 5*g. Let v = g - -40. What is the units digit of (-2)/v + (-81)/(3 + -4)?
0
Let z(i) be the second derivative of 0 - 7/2*i**2 - 42*i + 1/20*i**5 - 1/12*i**4 + 7/6*i**3. What is the tens digit of z(5)?
2
Suppose -5*d - 3906 = 219. Let g = -501 - d. Suppose v - 72 = -2*m, 0 = 5*v + m - 3*m - g. What is the tens digit of v?
6
Let v be (-4 - (2 + -66)) + -8. Suppose v*k - 53910 - 2874 = 0. What is the units digit of k?
2
Let w = 871 - -1323. Suppose 4*k + 3632 = 3*o + 2*o, -3*o - 5*k + w = 0. What is the units digit of o?
8
Suppose 2*q + 48264 = 2*x, -15*x - 22884 = 4*q - 384959. What is the ten thousands digit of x?
2
What is the hundreds digit of (-4 + -548)*(1/2 - 2)?
8
Let f(w) be the first derivative of 17*w**2 + 38*w + 29. What is the tens digit of f(15)?
4
Suppose 6233*q - 6209*q - 1317912 = 0. What is the hundreds digit of q?
9
Suppose 0 = -m - 611 + 587. What is the tens digit of 786/(-12)*m/4?
9
Let o = -68855 + 121355. What is the units digit of o?
0
Suppose -6*b = -2*b - 16, 2*b = -5*n + 753. Suppose -56 = -5*c + 3*i + n, -2*c - 4*i = -56. Suppose -c = -7*h - 3. What is the units digit of h?
5
Let y(a) = -31*a + 100. Suppose 3*c - 3*t - 2*t = -63, 0 = -4*c + 3*t - 73. What is the hundreds digit of y(c)?
5
Suppose -28*f - 32 = -36*f. Suppose -331 = -c - 3*c - x, -2*c + x = -167. Suppose l - 2*u = -0*u + c, 4*u = f*l - 316. What is the tens digit of l?
7
Let o = -8333 + 19070. What is the thousands digit of o?
0
Let q(l) be the third derivative of -l**5/15 + 5*l**4/12 + 39*l**3/2 + 5*l**2 + 1. What is the units digit of q(0)?
7
What is the units digit of 2/(-17) - (-1 - (-1828062)/(-153))?
9
Let j be ((-282)/(-12) - -3)*12. Suppose 0 = -c + 2*z + 178, z = 2*c + 5*z - 388. Suppose j + c = 4*b. What is the hundreds digit of b?
1
Let q(b) = -75*b**3 + 7*b + 15. Suppose -5*k = -d + 14, -27*d + 24*d + 3 = -2*k. What is the hundreds digit of q(k)?
0
Let l(a) = -a**2 - 13*a - 7. Let i(g) = -2*g**2 - 12*g - 8. Let h be 9*((32/12)/4 - 1). Let s(j) = h*i(j) + 4*l(j). What is the units digit of s(9)?
4
Let q = 78 - 2. Suppose -174 - q = -5*g. What is the tens digit of g?
5
Let w(a) = 8428*a**2 - 125*a - 20. What is the tens digit of w(-2)?
4
What is the units digit of (11/(-4))/(296737/21196 - 14)?
7
Let m(r) = 2*r**2 + 24*r - 14. Suppose -5*v = -t - 35, 3*v = -4*t + 23 - 71. What is the units digit of m(t)?
6
What is the units digit of ((-5)/1 - -4)/((-16)/33552)?
7
Suppose 0 = 13*k - 119642 - 160316 - 71835. What is the units digit of k?
1
Suppose -2 = c + 3. W